t y = -19 - g. What is the remainder when y is divided by 5?
3
Let r(x) = -2*x - 3. Let z(i) = -5*i**2 + i. Let t be z(-1). Let q be r(t). Suppose -q = 5*n - 69. Calculate the remainder when n is divided by 7.
5
Let f(d) = d**2 + d + 1. Let i = 0 - 0. Let w = -2 - -3. Calculate the remainder when w is divided by f(i).
0
What is the remainder when 28 is divided by (2 + 15/(-6))*-20?
8
Suppose 0 = 6*j - j - 35. Let c(l) = 26*l + 14. Let o(q) = 5*q + 3. Let x(k) = -2*c(k) + 11*o(k). What is the remainder when x(j) is divided by 14?
12
Suppose -190 = -5*q + 5*c, -4*q + 5*q - 44 = 4*c. Suppose q = 4*j - 12. What is the remainder when j is divided by 5?
2
Let u = 76 - 19. Calculate the remainder when u is divided by 20.
17
Suppose d - 93 = 5*j, -32 = -5*j - 7. Suppose -m = m - d. Calculate the remainder when m is divided by 15.
14
Suppose 2*a = -2*a + 40. Suppose -4*y = 4, -2*y = -3*g - 0*y + 14. What is the remainder when a is divided by g?
2
Suppose -s + 7 = 3*x, 2*x - 14 = 6*s - 2*s. Let y(u) = 14*u**2 + 4*u + 2. Let m = -10 - -23. Calculate the remainder when y(s) is divided by m.
11
Let c = -10 - -17. What is the remainder when ((-4)/6)/((-4)/78) is divided by c?
6
Let w be 2 + -2 + 6 + -3. Suppose -2*t = w*k - 53, -6*t + 76 = -2*t - 4*k. What is the remainder when t is divided by 12?
10
Let f be ((-8)/6)/((-2)/(-30)). Let u = -10 - f. What is the remainder when 4/6*(-57)/(-2) is divided by u?
9
Let f(v) be the second derivative of v**4/6 - 3*v**3/2 + 5*v**2 - 7*v. Calculate the remainder when 58 is divided by f(5).
13
Let h = 16 + 6. Calculate the remainder when h is divided by 6.
4
Let l(m) = m**3 + 2*m - 3. Calculate the remainder when 25 is divided by l(2).
7
Suppose 2*m - 51 = m. What is the remainder when 151 is divided by m?
49
Let k be (-117)/(-5) + 6/10. Let j = 35 - k. Calculate the remainder when 41 is divided by j.
8
What is the remainder when 28 is divided by ((-72)/(-15))/3*10?
12
Let n(a) = -a**2 - 37*a - 84. Calculate the remainder when 53 is divided by n(-34).
17
Let p(n) = -11*n**3 + n**2 + n. Suppose -5*y + 23 + 132 = 0. What is the remainder when y is divided by p(-1)?
9
What is the remainder when 93 is divided by ((-588)/(-24))/((-2)/(-4))?
44
Suppose 3*q - 135 - 185 = -u, 4*q + 3*u = 420. Suppose -5*d - 4*a = -q, 3*a = -5*d + 154 - 48. Calculate the remainder when d is divided by 11.
9
Let o(m) be the third derivative of -m**4/4 + 4*m**3/3 - 7*m**2. Calculate the remainder when o(-4) is divided by 11.
10
Suppose 0 = 2*c - 49 - 143. Suppose -2*p - 2*p + c = 0. What is the remainder when p is divided by 9?
6
Suppose 5 = 2*q - 3. Suppose -2*z + 4*j = q, 5*j - 11 = 4. What is the remainder when 6 is divided by z?
2
Suppose -4*r + 0*r + 344 = 0. What is the remainder when r is divided by 29?
28
Suppose 0 = 4*m - 19 - 49. Suppose 26 = -4*n - 2. Let v = n + 16. Calculate the remainder when m is divided by v.
8
Let j(y) = 5*y - 1. Let v(m) = -m + 8. Let d be v(6). Suppose -2*x = 3*x - 85. Calculate the remainder when x is divided by j(d).
8
Let r(h) = 18*h + 3. Let t be r(5). Let f = t + -60. Calculate the remainder when f is divided by 18.
15
Let u(m) = 2*m**3 - 2*m**2 - 3*m + 2. Suppose 6*h + 15 = h. Let a be h/1*6/(-9). Calculate the remainder when u(a) is divided by 3.
1
Suppose 3*p + 53 = 2*t + 2*p, 110 = 5*t + 2*p. Calculate the remainder when t is divided by 9.
6
Suppose 0 = -12*l + 7*l + 125. Let g(s) = s**3 - 4*s**2 - s - 7. What is the remainder when l is divided by g(5)?
12
Let p(v) = -9*v**3 - 2*v**2 - v. Let y be p(-1). Suppose y*o = 4*o + 28. What is the remainder when o is divided by 2?
1
Let m = -18 + 8. Suppose -3*b + 21 = -24. Let h = m + b. Calculate the remainder when 9 is divided by h.
4
Suppose 0 = 5*v - 4*p - 14, -4*p = 2*v + p + 1. Suppose 3*w + v*w = 65. What is the remainder when 50 is divided by w?
11
Let k = 34 - 10. What is the remainder when 87 + (k/2)/4 is divided by 23?
21
Let y be 8 + (-6)/(6/3). Suppose 2*g = 2*s + 26, 2*g - 26 = y*s + 12. Calculate the remainder when 17 is divided by g.
8
Let n(q) = -2*q**2 - 3*q - 1. Let g be n(-2). Suppose -7*h + 3*h + 8 = 5*b, -h - 2*b = -2. Calculate the remainder when (-10)/(2*g/3) is divided by h.
1
Let p(v) = v**3 - 9*v**2 + 11*v - 2. Calculate the remainder when 64 is divided by p(8).
20
Let a(f) = 9*f + 15*f - 23*f + 10. What is the remainder when 19 is divided by a(-5)?
4
Let s(y) = -y - 4. What is the remainder when 2 is divided by s(-5)?
0
What is the remainder when 41 is divided by 4/((-12)/7 + 2)?
13
Let m = -8 + 17. Suppose -252 = -5*r + 4*l, 0 = -3*r + r - 2*l + 108. Suppose v + v = r. What is the remainder when v is divided by m?
8
Let p = -45 - -52. Calculate the remainder when 47 is divided by p.
5
Let q(k) be the second derivative of -k**4/12 + 4*k**3/3 + k**2 - k. What is the remainder when 40 is divided by q(6)?
12
Let y be 0*(-2 - (-20)/12). Suppose y*x + 4*x - 184 = 0. Calculate the remainder when x is divided by 16.
14
Let d be -10*(-5)/(10/16). Suppose -2*u - 3*u = -d. Calculate the remainder when u is divided by 9.
7
Let j = -18 + 30. Suppose j*y = 9*y + 9. What is the remainder when 14 is divided by y?
2
Let r be 0 + -1 + 7 + -1. Let o be 1/r - 4/(-5). What is the remainder when 37 is divided by 1 + 14 + (-1 - o)?
11
Let r = -39 - -122. Let a be 34/9 + 6/27. Let g(m) = -m**3 + 4*m**2 + 4*m + 5. What is the remainder when r is divided by g(a)?
20
Let n(q) = -9*q - q**2 + 0*q**2 - 12 - 2*q. Let s(m) = 3*m**2 - 4*m + 2. What is the remainder when s(4) is divided by n(-8)?
10
Let c(h) = -h**3 - 17*h**2 + 2. Let q be c(-17). Suppose 4*y - 17 - 7 = -4*o, 3*y - q*o = 43. What is the remainder when 31 is divided by y?
9
Let z(s) = s**3 - 7*s**2 + 7*s - 7. Let h be z(6). Let g be 1/(5/4 + h). Let t = g - -4. What is the remainder when 15 is divided by t?
7
Let k = -18 + 26. What is the remainder when 8 is divided by k?
0
Let z(i) be the third derivative of -i**4/12 - 5*i**3/6 + 2*i**2. Let o be z(-4). Suppose -o*u = -1 - 11. What is the remainder when u is divided by 3?
1
Let x = -4 - -7. Suppose 10 = -2*h, 0 = 5*z - h - 5 - 5. Calculate the remainder when x is divided by z.
0
Let w(r) = 7*r + 1. Calculate the remainder when w(4) is divided by 16.
13
Let k = -4 - 16. Let x = -29 - -59. Let b = k + x. Calculate the remainder when 28 is divided by b.
8
Let b = -29 + 73. Calculate the remainder when b is divided by 17.
10
What is the remainder when (-1 + 1/2)/(24/(-7344)) is divided by 26?
23
Suppose -2*s = 2*s + 8. What is the remainder when 43 is divided by ((-15*2)/s)/1?
13
Let t(l) = -11*l + 5. Calculate the remainder when t(-6) is divided by 24.
23
Let w(h) = 5*h + 8. What is the remainder when w(7) is divided by 15?
13
Let w be (33/4)/(3/8). What is the remainder when 46 is divided by (-10)/(-55) - (-348)/w?
14
Let i be (-1)/5 - (-118)/(-10). Let f be (-2 - 10)/(0 + -2). Calculate the remainder when 7 is divided by i/2*(-3)/f.
1
Let f = 11 - 4. Suppose -2*j - 72 = -4*n, -4*j = -j. Calculate the remainder when n is divided by f.
4
Let l(m) = -m + 22. Calculate the remainder when l(0) is divided by 3/(-9) - (-185)/15.
10
Let u = 9 + 39. What is the remainder when u is divided by 17?
14
Suppose -51 = -6*u + 39. Calculate the remainder when 42 is divided by u.
12
Let i = -39 - -50. What is the remainder when i is divided by 6?
5
Let n(r) = -6*r - 2. Let k be n(-1). Suppose 0 = 2*w - 5*h - 74, -k*w + 0*h + 164 = -2*h. Calculate the remainder when w is divided by 11.
9
Let i(u) = 6*u - 3. Let x(w) = -w**2 - 8*w + 4. Let a be x(-8). Suppose 1 = -a*g + 13. What is the remainder when 43 is divided by i(g)?
13
Suppose 0 = -4*g - 4*h - 64, -10 = 2*g - 4*h + 10. What is the remainder when (-198)/g + 1/(-7) is divided by 3?
2
Let s(c) = -c**2 + 7*c - 7. What is the remainder when 23 is divided by s(4)?
3
Let g = 97 + -66. Calculate the remainder when g is divided by 7.
3
Suppose 27 = -3*f - 6. Let l = f - -19. Calculate the remainder when l is divided by 5.
3
Suppose 4*b + 4*r = -19 + 103, -4*b + 4*r + 100 = 0. What is the remainder when b is divided by 7?
2
Let d(b) = -5*b - 26. Calculate the remainder when 21 is divided by d(-6).
1
Let f be 2/(-9) - (-101)/9. Let x = -8 + f. Let d(m) = m**3 - 9*m**2 - 17*m - 48. Calculate the remainder when d(11) 